65. Give h(51).
253
Let q(k) = -k**3 + 38*k**2 - 592*k - 2965. Give q(-4).
75
Let c(y) = -y**2 - 1066*y + 939046. Determine c(573).
-101
Let b(y) = 21*y**3 + 1972*y**2 - 149*y + 3691. What is b(-94)?
25
Let d(a) = -1789890*a + 60856266. What is d(34)?
6
Let j(u) = u**2 - 29218*u + 438041. Give j(15).
-4
Let q(c) = c**3 - 40*c**2 + 63*c + 963. Give q(38).
469
Let s(l) = -l**2 - 2150*l - 199249. What is s(-97)?
-108
Let a(s) = -61*s - 172. Calculate a(-3).
11
Let y(k) = k**2 + 1970*k + 86660. What is y(-45)?
35
Let s(n) = n**2 + 74*n + 823. Calculate s(-10).
183
Let y(d) = d**2 - 649*d - 30488. What is y(-44)?
4
Let l(d) = 791*d - 46720. Give l(59).
-51
Let b(x) = -397*x - 4624. Determine b(-12).
140
Let s(t) = -2*t**3 + 137*t**2 - 78*t - 764. Determine s(68).
-1444
Let i(d) = 3*d**2 - 87*d - 461. What is i(-4)?
-65
Let k(g) = -30961*g + 2105359. Give k(68).
11
Let d(i) = -26*i**2 - 279*i + 1637. Calculate d(6).
-973
Let m(l) = 359*l**2 + 23*l - 4. Calculate m(-2).
1386
Let u(z) = -54194*z + 22436312. Give u(414).
-4
Let t(a) = -64*a**2 - 1203*a - 5493. Give t(-11).
-4
Let y(t) = -t**2 + 108*t - 2893. Determine y(47).
-26
Let u(g) = 123208*g - 19220454. Determine u(156).
-6
Let t(u) = 66*u**2 + 367*u - 47. Determine t(-5).
-232
Let z(p) = -4*p**3 + 767*p**2 + 617*p - 81589. Determine z(192).
11
Let r(g) = -g**3 - 36*g**2 + 317*g + 769. Give r(-2).
-1
Let s(p) = -28331*p - 170056. Give s(-6).
-70
Let k(u) = -1043*u + 1119. What is k(1)?
76
Let z(c) = c**3 - 6*c**2 + c + 26. Give z(3).
2
Let l(s) = -378*s**2 - 24194*s - 36. Give l(-64).
92
Let t(f) = f**3 - 160*f**2 + 892*f - 41575. Give t(156).
233
Let o(z) = 166*z - 193. Calculate o(-6).
-1189
Let v(l) = -11816*l + 23215. What is v(2)?
-417
Let c(v) = 4*v**3 + 159*v**2 + 1469*v - 109. Calculate c(-14).
-487
Let w(o) = 6*o**2 - 193*o - 2273. Calculate w(-9).
-50
Let h(a) = -4591155*a - 13773470. Determine h(-3).
-5
Let t(y) = y**3 - 238*y**2 - 1178*y - 8988. Give t(243).
3
Let t(o) = 502*o + 13519. What is t(-27)?
-35
Let y(x) = -2295*x**3 - 6867*x**2 + 31*x - 7. Calculate y(-3).
62
Let d(i) = -23*i**2 - 7314*i + 97. Give d(-318).
97
Let f(c) = -c**3 - 134*c**2 + 12879*c + 3616. What is f(65)?
-24
Let x(k) = 2*k**3 + 309*k**2 + 3797*k + 561021. Calculate x(-154).
-1
Let y(k) = 377529*k + 1887612. Give y(-5).
-33
Let y(o) = -15*o**3 - 195*o**2 + 187*o + 2401. Determine y(-13).
-30
Let g(c) = 4*c**2 + 327*c - 20129. Determine g(41).
2
Let o(m) = -3*m**2 - 84909*m - 594234. Give o(-7).
-18
Let y(l) = -3*l**3 + 17*l**2 + 754*l - 3097. What is y(4)?
-1
Let x(a) = 2552724*a + 5105456. Calculate x(-2).
8
Let x(v) = -3*v**3 - 452*v**2 - 1179*v - 420. Calculate x(-148).
-1160
Let x(n) = 11*n**2 + 573*n + 3877. Determine x(-8).
-3
Let a(r) = 1392*r + 49139. Determine a(-35).
419
Let f(x) = 238*x**3 + 25*x**2 + 55*x + 4. What is f(-2)?
-1910
Let w(c) = 4497*c - 179882. Calculate w(40).
-2
Let k(s) = 2*s**3 + 164*s**2 - 352*s - 1421. Give k(-84).
-77
Let p(u) = -2*u**3 - 111*u**2 - 18*u + 1518. Calculate p(-55).
-517
Let h(q) = -19*q**2 - 181*q - 3. Calculate h(-4).
417
Let y(x) = 2048*x - 20715. Determine y(10).
-235
Let t(x) = -22*x**2 + 905*x - 2601. Calculate t(38).
21
Let f(r) = 63447*r + 1395838. Give f(-22).
4
Let i(h) = -863*h + 2275. Determine i(1).
1412
Let g(w) = 15*w**2 - 363*w - 4778. Give g(-10).
352
Let y(g) = -28327*g + 10. Determine y(0).
10
Let f(b) = -14559*b + 276050. Give f(19).
-571
Let p(b) = 9*b**2 - 224*b - 683. Determine p(28).
101
Let n(s) = 1516*s - 99931. What is n(66)?
125
Let j(m) = 10*m**2 + 96*m - 19769. Calculate j(40).
71
Let q(t) = -748464*t - 28441627. Determine q(-38).
5
Let p(r) = -r**3 - 12*r**2 + 105*r + 939. Give p(-14).
-139
Let j(l) = 266*l - 20819. What is j(80)?
461
Let l(r) = -3*r**3 - 18*r**2 + 112*r + 688. What is l(-6)?
16
Let g(u) = 296347*u + 5926941. Determine g(-20).
1
Let h(k) = -266*k + 8259. What is h(30)?
279
Let m(g) = 2*g**3 + 2001*g**2 - 11072*g - 6048. Give m(-1006).
-12
Let n(g) = g**3 - 314*g**2 - 280*g - 12201. What is n(315)?
-1176
Let j(d) = -4*d**2 - 201*d - 4082. Determine j(-40).
-2442
Let a(j) = 24*j**3 + 289*j**2 + 103*j + 1201. Determine a(-12).
109
Let t(q) = -86*q**2 + 4365*q + 1004. Give t(51).
-67
Let s(x) = 144*x**2 + 2450*x + 30. Give s(-17).
-4
Let s(v) = -312*v - 5174. What is s(-20)?
1066
Let o(b) = b**2 - 434*b - 13426. What is o(463)?
1
Let s(v) = -96*v + 20739. Calculate s(216).
3
Let b(c) = c**2 - 14166*c - 85057. Determine b(-6).
-25
Let k(q) = q**3 + 136*q**2 - 2062*q + 5695. Determine k(-150).
-5
Let i(r) = -r**3 - 413*r**2 + 10960*r - 260. Give i(25).
-10
Let s(w) = -w**3 + 57*w**2 - 53*w + 701. Calculate s(56).
869
Let o(t) = -5*t**2 - 180*t - 1545. Determine o(-23).
-50
Let v(y) = 5*y**2 + 202*y - 1784. Give v(-48).
40
Let d(h) = 18*h**2 - 515*h - 1399. What is d(32)?
553
Let x(i) = -i**3 - 51*i**2 + 682*i - 144. Determine x(-62).
-144
Let l(t) = t**3 + 84*t**2 - 666*t - 577. What is l(8)?
-17
Let q(t) = -t**3 + 10*t**2 - 113*t - 36. What is q(7)?
-680
Let j(l) = 3*l**2 + 76641*l + 766102. What is j(-10)?
-8
Let s(x) = x**3 - 320*x**2 - 624*x - 6399. What is s(322)?
41
Let d(w) = 5847*w + 46816. Determine d(-8).
40
Let p(g) = -g**3 - 17*g**2 + 117*g - 487. What is p(-22)?
-641
Let d(b) = -4*b**3 + 1799*b**2 - 10601*b - 290. Determine d(6).
4
Let y(p) = -p**3 - 36*p**2 - 45*p + 757. Calculate y(-6).
-53
Let d(x) = 2*x**2 - 297*x + 8402. What is d(112)?
226
Let v(s) = 3*s**3 + 117*s**2 - 285*s - 204. Give v(-41).
1395
Let g(v) = -3891*v - 3443537. Determine g(-885).
-2
Let f(d) = -d**3 + 8*d**2 - 13*d - 41. What is f(4)?
-29
Let d(m) = -13*m**2 - 106*m - 423. Calculate d(-9).
-522
Let m(l) = -16*l - 2520. Determine m(-45).
-1800
Let h(i) = 62326*i - 4736773. What is h(76)?
3
Let w(p) = -636*p - 2523. Calculate w(-4).
21
Let h(a) = -65484*a + 5042323. Determine h(77).
55
Let a(c) = -c**3 - 146*c**2 - 33*c - 4846. Give a(-146).
-28
Let m(q) = -12177*q - 4773376. Calculate m(-392).
8
Let v(f) = 2139*f + 106974. What is v(-50)?
24
Let h(n) = -5084*n**2 + 549074*n - 210. Give h(108).
6
Let s(d) = -d**3 - 5*d**2 - 266*d - 6111. Calculate s(0).
-6111
Let n(l) = -35*l**2 - 1738*l + 611. What is n(-50)?
11
Let u(b) = 1469*b - 6561. What is u(4)?
-685
Let k(q) = -17*q**3 - 1973*q**2 - 154*q - 2632. Give k(-116).
1776
Let i(j) = 1539*j**2 - 6160*j + 6. Give i(4).
-10
Let q(x) = -x**3 - 100*x**2 - 2142*x - 245. Give q(-31).
-152
Let g(l) = 974*l**2 - 10706*l - 97. Give g(11).
-9
Let j(s) = 15646*s + 672769. Calculate j(-43).
-9
Let p(z) = -1765372*z + 158883482. Determine p(90).
2
Let i(p) = -35*p - 2188. What is i(-55)?
-263
Let m(x) = -x**3 + 532*x**2 - 7257*x + 55. Give m(14).
-15
Let t(a) = 48766*a - 48765. Determine t(1).
1
Let w(l) = -76*l**2 - 106*l + 3423. Determine w(-8).
-593
Let h(i) = -41*i**2 - 78*i + 125. Give h(2).
-195
Let s(i) = 5*i**3 + 218*i**2 - 124*i + 8600. Calculate s(-45).
5
Let w(i) = 9*i**3 + 16470*i**2 - 66023*i + 1834. Calculate w(-1834).
0
Let k(y) = 2*y**3 + 29*y**2 - 1053*y + 2149. Give k(-32).
5
Let a(u) = 2*u**3 - 6*u**2 + 13*u - 192. Calculate a(6).
102
Let f(i) = -2578*i + 185584. Calculate f(72).
-32
Let p(c) = 4*c**3 - 212*c**2 + 21*c - 1107. Determine p(53).
6
Let s(n) = n**3 + 35*n**2 + 287*n + 5442. Give s(-27).
3525
Let r(i) = -i**2 + 579*i + 9500. Give r(-16).
-20
Let r(u) = -u**3 + 1092*u**2 + 119194*u - 598. Calculate r(-100).
2
Let p(a) = -124*a + 2805. Give p(45).
-2775
Let h(i) = 10*i**2 - 6146*i + 642607. Calculate h(481).
-9
Let q(u) = -355*u + 3592. Give q(10).
42
Let u(n) = 43*n + 228. Give u(-5).
13
Let j(t) = -10*t**3 - 2404*t**2 - 953*t + 2303. What is j(-240)?
623
Let j(o) = 50032*o - 400211. What is j(8)?
45
Let a(y) = y**3 - 37*y**2 + 79241*y - 2690736. Give a(34).
-10
Let w(y) = y**3 - 4*y**2 - 1574*y + 9353. Calculate w(6).
-19
Let j(q) = -11*q**2 + 965*q + 10753. What is j(-10)?
3
Let a(g) = -6730*g**2 - 33695*g + 10. Give a(-5).
235
Let u(j) = 3207*j**2 + 28844*j - 11. What is u(-9)?
160
Let d(s) = -25*s**2 - 7278*s - 856. What is d(-291)?
17
Let a(g) = 16*g**2 + 216*g - 107. What is a(-15)?
253
Let q(l) = 72*l**2 + 575*l - 6057. What is q(-14)?
5
Let b(t) = -579*t - 281531. Determine b(-486).
-137
Let s(m) = 52618*m - 157851. What is s(3)?
3
Let l(n) = n**2 + 286*n 